*2 - 7*z - 1. Suppose 0*o - 2*o - 3*k = 13, -5*o - 2*k = 27. Let p be v(o). Let f = 39 + p. Is f composite?
False
Let t(d) = 2*d**3 - 4*d**2 - 1. Is t(8) composite?
True
Suppose 0 = 4*m - 11 - 5. Suppose 5*z - o - 5 = 0, 2*z + 2 = o + m. Is -1 + z + -1 + 4 a composite number?
False
Suppose -7*m + 3729 = -5000. Is m prime?
False
Suppose 196 = 2*v + 2*n, -3*v + 5*v - 5*n - 189 = 0. Let o = -116 - -180. Let d = v + o. Is d prime?
False
Let w be (-188)/16 + 4/(-16). Is w/84 - 2318/(-7) a prime number?
True
Let c(z) = -9*z**3 + z - 1. Suppose w + 5 = 0, 4*l + 25 = -l - 5*w. Suppose -3*g = d + 7, 4*d = g - 2 - l. Is c(g) prime?
False
Let t be (0 + 6*-1)/(-2). Is (t/(-9))/(2/(-222)) composite?
False
Is -3 + (-5)/((-5)/36) a prime number?
False
Suppose 2*a + 4*b = 3*a - 389, 4*b + 1945 = 5*a. Is a a prime number?
True
Let m = -4 - -5. Suppose 2*v - 11 = -m. Suppose -79 = -n - 2*p, 153 + 242 = 5*n + v*p. Is n a prime number?
True
Suppose -l + 32 = 3*l. Let j = l - -30. Is j a prime number?
False
Suppose -2*w - w + 1305 = 0. Suppose 3*o = -3*t + w, 74 = o - 5*t - 47. Is o a composite number?
True
Let s = -977 + 1444. Is s composite?
False
Let g be (-20305)/(-20) - 2/8. Let p = g - 696. Is p composite?
True
Let f be -1 + 2 + -18 + 1. Suppose 0 = 5*l - t + 5, 4*l + t - 3*t + 4 = 0. Let i = l - f. Is i a prime number?
False
Let r(q) = -76*q. Let d be r(-4). Let z = 875 - d. Is z prime?
True
Let s(x) be the third derivative of x**5/60 - x**4/24 + 67*x**3/6 + 6*x**2. Is s(0) prime?
True
Suppose 0 = -3*y + 98 + 91. Suppose 4*i = s - 51 - 22, s - 2*i = y. Is s a prime number?
True
Let x = -276 - -529. Is x a prime number?
False
Let n be (-29)/(-9) + 10/(-45). Suppose -q - 2 = n*h, -17 - 4 = -2*q - h. Is q composite?
False
Let r be (-2)/4*0 + 0. Suppose -4*h - 618 = 2*f, -f + 603 = -4*h - r*f. Let l = h - -249. Is l prime?
True
Let n be (-2)/6 + 102/9. Let w = n + -8. Suppose -d + 50 + 43 = -2*x, w*d + 2*x - 247 = 0. Is d a composite number?
True
Let t be 1 - (1*-35 + 1). Suppose 2*x - 3*w - 249 = -t, -x + 3*w + 101 = 0. Is x a prime number?
True
Let i(t) = t**3 + t - 3. Let c = 13 + -8. Is i(c) prime?
True
Let l(s) = -16*s - 9. Let c = -3 + -4. Is l(c) a composite number?
False
Let t = -3 + 4. Let h(c) = 11*c**2 - c. Let a be h(t). Suppose 72 = 5*o + g, -4*g + a = g. Is o composite?
True
Suppose 5*f = 3*t + 5, -2*t - 6 = 4*f - 32. Suppose -4*u + 1 = -t*a, -2*u + 0*u - 5*a = 37. Let h = 13 - u. Is h prime?
True
Suppose -b = 3*b - 8. Let n(o) = -10*o**3 - 2*o**2 + 3*o. Let m be n(b). Let w = m + 195. Is w composite?
False
Suppose 2*u - 2835 = -u. Let i = -498 + u. Suppose -y - 2*y = -i. Is y a composite number?
False
Let z(j) = 5*j - 4*j**2 - 3*j + 1 + j**3 + 1. Let n(v) = -v + 11. Let t be n(6). Is z(t) a composite number?
False
Suppose -2*f - 4*b + 20 = 0, 0 = -4*f + 3*b + 8 - 1. Suppose 3*x + 3*s = 6*x - 54, -16 = f*s. Is x a composite number?
True
Suppose -3*o - 24 = -4*o + 4*d, -5*o + 24 = 4*d. Suppose 0 = -o*y + 3*y + 35. Let x = y - 4. Is x a prime number?
True
Let v(h) = -64*h**2 + 5. Let n(j) = 43*j**2 - 3. Let x(z) = 8*n(z) + 5*v(z). Is x(2) prime?
True
Suppose -y + 844 = 3*y. Is y composite?
False
Suppose -5*b + 8428 = -24367. Is b prime?
False
Let j be 142/8 - (-4)/16. Suppose -6*x + 5*x + j = 0. Let u = x - -41. Is u a prime number?
True
Let o(p) = 3*p**3 + 2*p**2 + 3*p. Let k(x) = -x**3 - x**2 - x. Let a(w) = 6*k(w) + o(w). Is a(-2) prime?
False
Let n(j) = -11*j**3 + 2*j**2 + 2*j - 2. Is n(-3) a prime number?
True
Suppose 3*k = z + 175, 4*k + 4*z + 121 = 381. Let b = k - 41. Is b prime?
True
Let f = -4225 - -8378. Is f a prime number?
True
Let z(s) = s + 4. Let u be z(0). Suppose u*v = 2*v + 30. Is v a prime number?
False
Let i = 90 + 3. Is i a prime number?
False
Suppose o - 1164 = -4*m, -2*o = 3*o. Is m composite?
True
Suppose 12612 = 5*a - 8358. Let m be 4/14 - a/(-21). Suppose 4*l - 17 = -3*x + m, -4*x - l + 272 = 0. Is x composite?
False
Let k(j) = j**2 + 9*j + 14. Let i be k(-8). Let u(w) = 2*w**3 - 7*w**2 - 8*w - 5. Is u(i) prime?
True
Suppose 0 = 3*u + 15, 3*w - 3*u - 8995 = -u. Is w a prime number?
False
Suppose 0*m = 5*m - 5. Let n = m - 3. Let r(c) = -2*c**3 + c + 1. Is r(n) composite?
True
Suppose -a + 4*a = 5*l + 4222, -2*l - 4207 = -3*a. Is a a prime number?
True
Let t(x) = -x**2 - 7*x - 7. Let m be t(-6). Suppose 0 = -a + 38 + 47. Is a*m*(-1 - 0) a composite number?
True
Let s be (-336)/(-10) + (-2)/(-5). Suppose 0*m - m = -s. Is m a prime number?
False
Let p be (-58)/5*(-15)/3. Is (3 - (-3)/(-6))*p composite?
True
Suppose 14 = 6*r - 2*r - o, -3*o - 9 = -r. Suppose 0 = v - i, -r*v - 6*i + 24 = -i. Suppose d = 4*k - 306, -v*k + d + 0*d + 229 = 0. Is k a composite number?
True
Suppose -4*w = 4*w - 9368. Is w composite?
False
Suppose 0 = g + 1 - 3. Suppose -3*n = -0*r - r + 28, 4*n = 5*r - 118. Suppose g*h + r = 4*h. Is h a composite number?
False
Suppose 2*r + u - 114 = 0, 2*r + 4*u = -u + 114. Let v = -34 + r. Is v a prime number?
True
Suppose -3*l + 4*t + 2 = 0, -l - 5*t + t = 10. Let v = -1 - l. Is v/((-2)/2) - -54 composite?
False
Let z = -10 - -16. Suppose -z*k + 4*k = -614. Is k a composite number?
False
Let v = -270 - -405. Suppose -4*y + v = -229. Is y a composite number?
True
Let a(z) be the first derivative of 11*z**7/840 - z**6/180 - z**5/40 + z**4/8 - 2*z**3/3 + 2. Let m(t) be the third derivative of a(t). Is m(2) composite?
True
Let j(a) = -15*a**3 + 6*a**2 + 9*a + 5. Is j(-3) prime?
False
Suppose b - 564 = -2*b. Suppose 8 + 4 = -d + 3*u, -3*d = -3*u + 6. Suppose b = n + d*n. Is n composite?
False
Suppose -2*w + 1114 = -2864. Suppose 0 = 5*h - x - w, -3*x = h + h - 782. Is h composite?
False
Suppose -668 = -3*l + 85. Let c = -136 + l. Is c a prime number?
False
Let m = 1 - -3. Suppose m*c = j + 400 - 83, -160 = -2*c + 2*j. Is c prime?
True
Let a(x) = 31*x**2 + x - 1. Is a(-2) a composite number?
True
Suppose 0 = -7*z + 14443 + 17386. Is z composite?
False
Let g(v) = v**2 - 4*v + 1. Let c be g(3). Let s(w) = 45*w**2 - 2*w + 1. Is s(c) prime?
False
Let x be 2*(-15)/3 + 0. Let v be 624/15 - 4/x. Let h = v - 28. Is h a composite number?
True
Let a be 16/3 + 9/(-27). Suppose -5*s - a*r = -455, 4*r + 8 + 372 = 4*s. Is s a composite number?
True
Suppose -4*f + 5 = -19. Suppose f = o - 8. Is o a prime number?
False
Let c = 40 - 25. Suppose 5*n - 210 = -c. Is n composite?
True
Let j be (3/3 + -2)*0. Let p(n) = n**2 + n + 0*n**3 - 3*n**3 + 14 + 2*n**3 + 2*n**3. Is p(j) composite?
True
Let k(v) = -51*v - 19. Is k(-8) a prime number?
True
Suppose 0 = -2*y + 6, 5*g - 3 = -5*y + 102. Suppose l - 4*l = g. Let d = 95 + l. Is d composite?
False
Let k(u) = u + 8. Let o be k(-4). Suppose w = -w + o. Suppose w*l + 2*l - 4*n = 28, -n = -5*l + 47. Is l composite?
True
Suppose 0 = -m + 3*l + 13, -2*l + 7*l + 15 = 0. Suppose -50 = -5*w + 3*a, -m*w + 50 = 4*a + 10. Is w a prime number?
False
Suppose -12*k = -7*k - 145. Is -3 - (k*-2 - -2) prime?
True
Is (-39)/104 + (-3)/(48/(-59062)) composite?
False
Let c(b) = -b**3 - 4*b**2 + 3*b - 6. Let j be c(-6). Suppose 0 = -d + j - 11. Is d prime?
True
Suppose 2*x - 78 = -x + 4*i, 2*x - 52 = 3*i. Suppose -q + x = -119. Is q a prime number?
False
Let h(q) = -119*q - 2. Is h(-3) prime?
False
Let p = 946 + -506. Let f = 628 - p. Suppose 3*l + l = f. Is l prime?
True
Suppose 3*l = p - 223, 40 - 194 = 2*l - 2*p. Let d = 112 + l. Let b = d - 2. Is b a composite number?
False
Suppose 4*u + 2*r = 2744, -2*u - 4*r = -1226 - 152. Is u a composite number?
True
Suppose k - 56 - 233 = 0. Suppose 0 = -4*l + 5*m + 371, -3*l + k = -3*m + 10. Is l a composite number?
True
Suppose 0 = 2*w - 14 + 4. Suppose -w*f = x + 13, -x = 4*x - 4*f + 36. Is ((-9)/12)/(1/x) prime?
False
Let g(s) = -s**2 + 15*s - 19. Suppose 5*f - 70 = 5*r, -3*f + 12 = -5*r - 32. Is g(f) composite?
False
Let i be 1/((-3)/(-3 + 0)). Suppose 0 = 4*m - m + 6. Is (i/m)/(5/(-140)) a prime number?
False
Let z(u) = -u**3 - 6*u**2 - 7*u - 6. Let f be z(-5). Suppose -f*b + 27 = 3*s, 3*b - 2*s = -5*s + 24. Suppose b*q + 16 = 7*q, -q + 114 = 5*n. Is n composite?
True
Suppose 5*t - 20 = -0*t. Suppose -2*f - 2*w = t - 10, 20 = 5*f + 4*w. Let x = 5 + f. Is x composite?
False
Suppose 6*d - 483 = 465. Is d composite?
True
Let u = -6 + 10. Let z = u - 6. Is (-2 - -52